it of g + (4*7)/k?
6
Suppose 5*f - 2*f + 5*b = 160, -4*b - 92 = -2*f. What is the tens digit of f?
5
Suppose 2*o + 15 - 1 = 3*g, -g + 3*o + 14 = 0. Suppose -5*m - 13 = -3*c, -3*m - 10 = 2*m. Suppose 0 = -x - c + g. What is the units digit of x?
1
Let p(a) = a**3 + 5*a**2 + 4*a + 5. Let l be 13 - (-2 + 0 + 2). Let o = 9 - l. What is the units digit of p(o)?
5
Let w be ((-24)/14)/((-2)/21). What is the tens digit of w - ((-2 - 0) + -1)?
2
Let t = -1 + 13. Suppose 5*g - t = 33. What is the units digit of g?
9
Let l = 12 - 10. Suppose -s - 3*p + 0*p = -16, 0 = 3*s + 2*p - 48. Suppose 0 = -0*c - l*c + s. What is the units digit of c?
8
Suppose 171 = 3*x - 0*x. Suppose 0 = -3*u - 0*u + x. What is the tens digit of u?
1
Suppose 978 + 804 = 6*n. What is the hundreds digit of n?
2
Suppose -o + 5*r - 13 = 0, 4*o + 3*r - 24 = -7. Suppose 4*c - 22 = o*x, -c - 4*c - 4*x = -34. What is the units digit of c?
6
Suppose 6*h + 2*z = h - 20, 0 = 5*z + 25. What is the units digit of 1903/77 - h/7?
5
Let v(i) = i**3 + i**2 - i + 10. Let u(s) = -s**2 + s + 1. Let h(q) = 2*u(q) + v(q). What is the tens digit of h(0)?
1
Let u(p) = 4*p**2 - 5*p - 3. Let n(z) = -3*z**2 + 4*z + 4. Let l(k) = -3*n(k) - 2*u(k). What is the units digit of l(5)?
9
Suppose -3*q + 972 = 3*u, -5*q = 6*u - 5*u - 1604. What is the units digit of q?
0
Let m(p) be the third derivative of -p**4/24 + p**3/3 + 3*p**2. Suppose 3*f + 3*k + 15 = -f, f = -k - 3. What is the units digit of m(f)?
8
Suppose -3*n + 674 = -m, 416 + 30 = 2*n + m. What is the hundreds digit of n?
2
Let d = 5 - 3. Let c be 1/(d*1/14). Suppose -4*f = c - 19. What is the units digit of f?
3
Let r(c) = c**3 - 11*c**2 + c - 7. Suppose 12 = b - 3*s, -4*b - 2*s - 37 = 3*s. Let i be 68/6 + 1/b. What is the units digit of r(i)?
4
Suppose i + 2*i = -4*l + 75, 3*i - 102 = 5*l. What is the tens digit of i?
2
Let w = -17 - -25. What is the units digit of w?
8
Suppose -2*f + 221 = 4*x - 39, -5*x = -20. What is the hundreds digit of f?
1
Let w(i) = -2*i + 8. Let y(f) = f**3 + 4*f**2 - f + 5. Let c be y(-4). Let q be w(c). Let h(v) = -2*v - 14. What is the units digit of h(q)?
6
Let s = -14 - -10. Let p = -12 - s. Let l = p - -13. What is the units digit of l?
5
Suppose 8*y - 5*y + m = 8, -3*y = -m - 4. Suppose -5*a + 92 = -r - 0*r, 0 = y*a - 4*r - 26. What is the units digit of a?
9
Let r = 12 - 5. Suppose 0 = -2*y + r*y + 4*h, 0 = -y + 4*h. Suppose y = q - 2*q + 1. What is the units digit of q?
1
Suppose -2*o = -3*x - 2, 3*x + o = 6*o - 14. Suppose x*n = -n + 6. What is the units digit of n?
2
Let y(a) = -a**3 + 5*a**2 + a - 1. Suppose 2*h - 12 + 2 = 0. What is the units digit of y(h)?
4
Let a(m) = -6*m + 4*m**3 + 2 + 6*m**2 - 5*m**3 + m**2 + 0*m**3. Let k be a(6). What is the units digit of k - (-9 - (1 + 0))?
2
Let j(n) = -6*n + 9. What is the tens digit of j(-5)?
3
Let j(w) = -w**2 - w + 3 + 2*w - 5*w. Let k be j(-4). Suppose 0 = k*c - 3 - 3. What is the units digit of c?
2
Let n(f) = f**3 + f**2 - f - 2. Suppose -z - 5*m = 18, -6*z + 2*z - 3*m - 4 = 0. What is the units digit of n(z)?
8
Suppose -6*q + q + 150 = 0. What is the units digit of (-3)/(-2)*100/q?
5
Let q = 3 + -5. Let z = 13 - q. Suppose 5*h - 40 = -z. What is the units digit of h?
5
Let d(t) = -3*t - 6. Let n(f) = 9*f + 17. Let m(j) = -11*d(j) - 4*n(j). What is the units digit of m(-2)?
4
Suppose 0 = 21*d - 16*d - 1045. What is the tens digit of d?
0
Suppose 0 = 4*c - c + 81. Let b be c/(-6)*16/6. Suppose -x - 44 = -5*t - 2*x, 0 = t + x - b. What is the units digit of t?
8
Suppose 3*v = 7 - 31. Let n(x) = x**2 + 8*x + 6. What is the units digit of n(v)?
6
Suppose -3*v - 12 + 2 = -q, -3*q + 2 = 5*v. Suppose 0 = 2*h - x - 17, -5*h + 48 = q*x - x. What is the units digit of 2 + 2 + h/(-3)?
1
Let b = -17 + 22. Let x = 25 + b. What is the tens digit of x?
3
Let i = 0 - 0. Suppose i*z - z + 5 = 0. Suppose z = k - 3. What is the units digit of k?
8
Let i(q) = -q - 1. Suppose 5*o = 4*u + 11, 5*u - 3 = -4*o + 14. Let y(k) = -7. Let x(a) = u*y(a) - 3*i(a). What is the units digit of x(5)?
1
Let z be (8 - 1) + 4 + -5. Let b(n) = n**2 - 5*n - 5. Let p be b(z). What is the units digit of (1 - 0)*p + 2?
3
Let m be 0/((3/1)/3). Let q(h) = -h**2 - h + 7. Let r(y) = -2*y**2 - 2*y + 14. Let c(z) = 5*q(z) - 2*r(z). What is the units digit of c(m)?
7
Let j = -49 - -89. Suppose x = 6*x - j. What is the units digit of x?
8
Suppose 180 = -4*y + 12. What is the units digit of (y/(-8))/(3/8)?
4
Let s be (-2)/5 + 34/10. Let q = -14 + s. Let j = -10 - q. What is the units digit of j?
1
Suppose -8*k - 2*u = -4*k + 102, 2*u = 4*k + 114. Suppose 0 = 5*c + 24 - 214. Let h = c + k. What is the units digit of h?
1
Let m(z) = 2*z**2 - 17*z + 7. What is the tens digit of m(11)?
6
Let h be 1 - (-2)/2 - 2. Suppose 115 = -0*j - 5*j + 4*t, h = -2*j - 5*t - 13. Let k = -1 - j. What is the units digit of k?
8
Let m be (-40)/(-5)*(0 + 2). Let t(a) = 2*a + 7. What is the units digit of t(m)?
9
Suppose -j - j = -3*x - 69, 2*x - 97 = -3*j. What is the tens digit of j?
3
Suppose 3*n - 12 = -3*l, -3*n = n - 3*l - 16. Suppose 3*u - 4*z + 10 = 29, 0 = 4*z + n. Let p = u + 2. What is the units digit of p?
7
Let r(k) = -k + 12. Let a(g) = g - 1. Let m(h) = -4*a(h) - r(h). What is the units digit of m(-11)?
5
Let g(x) = 54*x**2 + 4*x - 4. What is the units digit of g(2)?
0
Suppose -3*s - m + 28 = 0, -5*s + 3*m = -56 + 14. Suppose -4*p = -s*p + 10. Suppose -p*o + 6 = o. What is the units digit of o?
2
Let v(n) = -10 - 2*n - n**3 + 5*n + 3*n - 7*n**2 - 2*n. What is the units digit of v(-8)?
2
Let h = 58 + -23. What is the tens digit of h?
3
Suppose -4*u = 2*a - 30, -3*u + 3 = a - 4*u. Let k = 17 + a. What is the units digit of k?
4
What is the hundreds digit of 3*12/(-9) - -190?
1
Let p(n) = -2*n**3 - 5*n**2 - 4*n - 1. Let d be p(-3). Suppose 3*a + 22 + 14 = 4*z, 0 = -5*a - d. What is the units digit of z?
6
Let n = -9 - -1. Let g = -5 - n. What is the units digit of (-2)/g - 23/(-3)?
7
Let s(y) = 80*y**2 - y - 1. What is the tens digit of s(1)?
7
Let v(j) = j - 4. Let p be v(2). What is the units digit of 15 - (-2 + 4/p)?
9
Let i = -30 - -9. What is the tens digit of (2 - 6)/(6/i)?
1
Let w = -39 - -78. What is the units digit of w?
9
Let z(g) = -5*g + g**3 + 2*g + 5*g + 4*g**2 - 1. What is the units digit of z(-3)?
2
Let w(y) = 6*y - 13. What is the tens digit of w(7)?
2
Let n be (2/6)/(3/45). Let f(j) = j**2 - 2*j - 7. Let z be f(n). Let g = z - 6. What is the units digit of g?
2
Let a = 16 - 6. What is the tens digit of a?
1
Let r(u) = -u**2 - 5*u + 4. Let s be r(-5). Suppose 0 = s*k + k - 20, -2*g + 2 = -2*k. What is the units digit of g?
5
What is the units digit of 28/20*(4 - -1)?
7
Suppose -42 = b - 3*b - 4*p, -b = 5*p - 27. What is the units digit of b?
7
Suppose 0 = -8*q + 85 + 363. What is the units digit of q?
6
Suppose -5*o - 12 = -287. What is the units digit of o?
5
Let j(x) = x**3 - 6*x**2 + 4*x + 7. Let a be 40/6 - 2/3. Suppose -a*l - 9 = -5*b - 2*l, 24 = 4*b + l. What is the units digit of j(b)?
2
Let x(m) = -m**2 + 7*m. Let q be x(5). Let s = q - 7. Suppose 2*g + s*g = 20. What is the units digit of g?
4
What is the units digit of (-134)/(-5)*(10/(-4) + 5)?
7
Let c be 240/(-25) + (-4)/10. Let o = 19 + c. What is the units digit of o?
9
What is the units digit of (-998)/(-10) - (-2)/10 - 0?
0
Suppose 0*g = 2*g + 10, 0 = m - g - 6. Let y(r) = 13*r**2 - r. What is the tens digit of y(m)?
1
Let y be (-2 + -2)/((-1)/2). Suppose -y = 4*z - 2*h + 7*h, -4*z - 4*h - 4 = 0. Suppose 0 = q + z - 4, -11 = -2*o + q. What is the units digit of o?
6
Suppose -2*s - 4*j = -7*j - 29, 32 = 2*s - 4*j. What is the tens digit of s?
1
Suppose -n - 10 = -3*r, 4*n - 45 = -8*r + 3*r. Suppose -2*j = -i + j - r, -5*j = i - 3. What is the units digit of (-3)/((-3)/i) + 10?
8
Let q(a) = a**3 - 5*a**2 - 8*a - 9. Let n(t) = 2*t**3 - 10*t**2 - 15*t - 17. Let u(w) = -6*n(w) + 11*q(w). What is the units digit of u(5)?
3
Suppose o - 6 - 6 = 0. Suppose i + 2*i = o. What is the units digit of i?
4
Let s be (-62)/3 - 2/(-3). Let t be (-1 - -3) + -2 + s. Let l = -8 - t. What is the tens digit of l?
1
Let q = -1 - -3. Suppose -5*s - q*l = -18, 0 = -3*s + l + 3 - 1. Suppose 0 = -w + s*w - 9. What is the units digit of w?
9
Let k(p) = p**2 - 3*p + 5